What are the prime factors of 238901?
13, 17, 23, 47
List the prime factors of 307896.
2, 3, 12829
What are the prime factors of 4737464?
2, 59, 10037
What are the prime factors of 2111408?
2, 13, 10151
What are the prime factors of 460383?
3, 7, 11, 1993
What are the prime factors of 19594000?
2, 5, 97, 101
List the prime factors of 11868744.
2, 3, 149, 3319
List the prime factors of 935750.
2, 5, 19, 197
List the prime factors of 197906.
2, 98953
What are the prime factors of 17130477?
3, 7, 13, 131, 479
What are the prime factors of 19425945?
3, 5, 7, 11, 139
What are the prime factors of 1945036?
2, 433, 1123
What are the prime factors of 143291?
143291
List the prime factors of 17805788.
2, 7, 11, 13, 4447
List the prime factors of 1040418.
2, 3, 19267
List the prime factors of 2881018.
2, 7, 73, 2819
What are the prime factors of 933112?
2, 116639
List the prime factors of 4539452.
2, 1134863
List the prime factors of 8831530.
2, 5, 37, 23869
List the prime factors of 256675.
5, 10267
List the prime factors of 153469.
153469
What are the prime factors of 61983?
3, 71, 97
What are the prime factors of 921962?
2, 460981
List the prime factors of 1428819.
3, 7, 19, 3581
List the prime factors of 756478.
2, 378239
What are the prime factors of 6537769?
7, 933967
What are the prime factors of 3555478?
2, 23, 37, 2089
What are the prime factors of 3652404?
2, 3, 7, 43481
List the prime factors of 1251544.
2, 7, 22349
What are the prime factors of 344702?
2, 172351
List the prime factors of 222481.
7, 37, 859
List the prime factors of 9375201.
3, 11, 8609
List the prime factors of 143120.
2, 5, 1789
List the prime factors of 320642.
2, 7, 37, 619
What are the prime factors of 167637?
3, 17, 19, 173
What are the prime factors of 261645?
3, 5, 17443
List the prime factors of 592485.
3, 5, 39499
List the prime factors of 341810.
2, 5, 7, 19, 257
What are the prime factors of 6589735?
5, 1317947
List the prime factors of 9504233.
9504233
What are the prime factors of 6412544?
2, 37, 677
What are the prime factors of 89175?
3, 5, 29, 41
List the prime factors of 105787.
11, 59, 163
List the prime factors of 2391885.
3, 5, 23, 2311
List the prime factors of 410622.
2, 3, 68437
List the prime factors of 20075015.
5, 113, 35531
List the prime factors of 2743221.
3, 13, 31, 2269
What are the prime factors of 2673306?
2, 3, 148517
What are the prime factors of 6037748?
2, 1509437
List the prime factors of 1245211.
11, 41, 251
List the prime factors of 467508.
2, 3, 38959
List the prime factors of 23613557.
11, 2146687
List the prime factors of 3530153.
11, 320923
What are the prime factors of 1029794?
2, 103, 4999
What are the prime factors of 327715?
5, 65543
What are the prime factors of 18692750?
2, 5, 74771
What are the prime factors of 328723?
271, 1213
What are the prime factors of 1236158?
2, 7, 11, 23, 349
List the prime factors of 1725206.
2, 7, 123229
What are the prime factors of 17159015?
5, 53, 73, 887
List the prime factors of 2136648.
2, 3, 127, 701
What are the prime factors of 3677218?
2, 521, 3529
List the prime factors of 1849207.
1849207
What are the prime factors of 11652496?
2, 728281
What are the prime factors of 10840549?
991, 10939
What are the prime factors of 1284130?
2, 5, 128413
List the prime factors of 3021833.
3021833
List the prime factors of 708167.
43, 383
What are the prime factors of 14039229?
3, 17, 47, 5857
List the prime factors of 251452.
2, 37, 1699
What are the prime factors of 545717?
17, 47, 683
List the prime factors of 327037.
23, 59, 241
List the prime factors of 9268396.
2, 149, 15551
What are the prime factors of 318677?
318677
List the prime factors of 96930.
2, 3, 5, 359
What are the prime factors of 817962?
2, 3, 136327
What are the prime factors of 108098?
2, 54049
List the prime factors of 6592826.
2, 167, 19739
What are the prime factors of 23768583?
3, 139, 56999
List the prime factors of 7882827.
3, 223, 11783
What are the prime factors of 192923?
192923
List the prime factors of 411433.
11, 113, 331
List the prime factors of 6836262.
2, 3, 109, 10453
List the prime factors of 29367240.
2, 3, 5, 7, 34961
List the prime factors of 249870.
2, 3, 5, 8329
List the prime factors of 4384650.
2, 3, 5, 29231
What are the prime factors of 10952866?
2, 5476433
What are the prime factors of 1042074?
2, 3, 11, 19, 277
What are the prime factors of 5051277?
3, 7, 11, 37, 197
List the prime factors of 128051.
7, 11, 1663
What are the prime factors of 109665?
3, 5, 2437
What are the prime factors of 40391?
13, 239
What are the prime factors of 341110?
2, 5, 7, 11, 443
What are the prime factors of 119599?
199, 601
List the prime factors of 269570.
2, 5, 7, 3851
What are the prime factors of 4870087?
4870087
List the prime factors of 21730398.
2, 3, 3621733
List the prime factors of 676991.
7, 17, 5689
What are the prime factors of 15379772?
2, 3844943
What are the prime factors of 9888499?
9888499
What are the prime factors of 86999?
11, 719
What are the prime factors of 121285?
5, 127, 191
What are the prime factors of 153683?
313, 491
List the prime factors of 5749431.
3, 107, 17911
List the prime factors of 145770.
2, 3, 5, 43, 113
List the prime factors of 1145657.
401, 2857
What are the prime factors of 2289572?
2, 73, 7841
List the prime factors of 1742769.
3, 7, 9221
List the prime factors of 147802.
2, 67, 1103
What are the prime factors of 697636?
2, 23, 7583
What are the prime factors of 6450141?
3, 421, 5107
List the prime factors of 182416.
2, 13, 877
List the prime factors of 155010.
2, 3, 5, 5167
What are the prime factors of 1187216?
2, 74201
What are the prime factors of 601128?
2, 3, 11, 23
What are the prime factors of 821759?
821759
List the prime factors of 15071464.
2, 199, 9467
What are the prime factors of 2356897?
17, 138641
List the prime factors of 259346.
2, 31, 47, 89
What are the prime factors of 181878?
2, 3, 30313
What are the prime factors of 161443?
19, 29, 293
What are the prime factors of 7158066?
2, 3, 1193011
What are the prime factors of 1317329?
13, 101333
List the prime factors of 536747.
373, 1439
What are the prime factors of 649882?
2, 324941
List the prime factors of 211466.
2, 105733
What are the prime factors of 298954?
2, 23, 67, 97
What are the prime factors of 1782967?
41, 43487
What are the prime factors of 98731?
98731
List the prime factors of 295832.
2, 36979
What are the prime factors of 9689952?
2, 3, 100937
What are the prime factors of 1611325?
5, 64453
List the prime factors of 31405246.
2, 431, 36433
List the prime factors of 82563.
3, 13, 29, 73
List the prime factors of 227625.
3, 5, 607
What are the prime factors of 24979?
24979
What are the prime factors of 11096977?
31, 357967
List the prime factors of 196807.
13, 15139
What are the prime factors of 1072177?
881, 1217
List the prime factors of 499904.
2, 73, 107
What are the prime factors of 2167601?
59, 36739
What are the prime factors of 20042042?
2, 43, 241, 967
List the prime factors of 9385571.
13, 47, 15361
What are the prime factors of 735883?
735883
What are the prime factors of 1143180?
2, 3, 5, 29, 73
What are the prime factors of 1173622?
2, 586811
What are the prime factors of 369192?
2, 3, 15383
What are the prime factors of 1621941?
3, 29, 103, 181
List the prime factors of 640123.
11, 58193
What are the prime factors of 21900228?
2, 3, 7, 260717
List the prime factors of 16921864.
2, 2115233
What are the prime factors of 954604?
2, 7, 103, 331
What are the prime factors of 9602311?
9602311
What are the prime factors of 3343838?
2, 37, 73, 619
List the prime factors of 2060990.
2, 5, 43, 4793
What are the prime factors of 778446?
2, 3, 59, 733
What are the prime factors of 21545687?
23, 936769
What are the prime factors of 8412721?
67, 307, 409
What are the prime factors of 3332402?
2, 1666201
List the prime factors of 34651.
34651
List the prime factors of 397149.
3, 132383
List the prime factors of 248640.
2, 3, 5, 7, 37
List the prime factors of 2869330.
2, 5, 263, 1091
List the prime factors of 173330.
2, 5, 17333
List the prime factors of 243083.
17, 79, 181
List the prime factors of 5047067.
5047067
List the prime factors of 1685673.
3, 11, 17027
List the prime factors of 15